{"id":557,"date":"2022-09-16T14:14:34","date_gmt":"2022-09-16T12:14:34","guid":{"rendered":"https:\/\/gymnasium-rheindahlen.de\/?page_id=557"},"modified":"2023-11-05T09:53:02","modified_gmt":"2023-11-05T08:53:02","slug":"schuelerinnen-vertretung","status":"publish","type":"page","link":"https:\/\/gymnasium-rheindahlen.de\/index.php\/schuelerinnen-vertretung\/","title":{"rendered":"SV"},"content":{"rendered":"\r\n<div class=\"wp-block-group is-layout-flow wp-block-group-is-layout-flow\">\r\n\r\n\r\n<p>Die SV kann sich um Belange wie Verbesserungsvorschl\u00e4ge zur Unterrichtsf\u00fchrung, Konflikte mit Lehrer*innen oder organisatorische Probleme k\u00fcmmern. Ihre Aufgabe kann es aber auch sein, AGs zu bilden, Schulprojekte zu planen und durchzuf\u00fchren oder Geld f\u00fcr die Verbesserung der Schule zu sammeln.<br>Hast du Vorschl\u00e4ge oder Fragen oder brauchst du Hilfe, dann kannst du uns gerne direkt ansprechen oder uns eine Mail schreiben an: sv@gymnasium-rheindahlen.de.<\/p>\r\n\r\n\r\n\r\n<p>Du m\u00f6chtest in der SV aktiv werden, dann komme zu unserer SV-Pause am Mittwoch in der gro\u00dfen Pause im Raum A002.<\/p>\r\n\r\n\r\n\r\n<p>Unser aktuelles Sch\u00fclersprecher*innenteam besteht aus Louis Halfes-Meis (Q1), Rahel Schriefers (Stellvertreterin, Q2) und Katharina Aretz (Stellvertreterin, Q2).<\/p>\r\n\r\n\r\n\r\n<p>Die SV-Lehrkr\u00e4fte sind Michael Schmitz und Tim Wulms.<\/p>\r\n<p>&nbsp;<\/p>\r\n\r\n\r\n\r\n<div class=\"wp-block-group is-layout-flow wp-block-group-is-layout-flow\"><\/div>\r\n","protected":false},"excerpt":{"rendered":"<p>Die SV kann sich um Belange wie Verbesserungsvorschl\u00e4ge zur Unterrichtsf\u00fchrung, Konflikte mit Lehrer*innen oder organisatorische Probleme k\u00fcmmern. Ihre Aufgabe kann [&hellip;]<\/p>\n","protected":false},"author":1,"featured_media":0,"parent":0,"menu_order":0,"comment_status":"closed","ping_status":"closed","template":"","meta":{"ngg_post_thumbnail":0,"footnotes":""},"class_list":["post-557","page","type-page","status-publish","hentry"],"featured_image_src":null,"_links":{"self":[{"href":"https:\/\/gymnasium-rheindahlen.de\/index.php\/wp-json\/wp\/v2\/pages\/557","targetHints":{"allow":["GET"]}}],"collection":[{"href":"https:\/\/gymnasium-rheindahlen.de\/index.php\/wp-json\/wp\/v2\/pages"}],"about":[{"href":"https:\/\/gymnasium-rheindahlen.de\/index.php\/wp-json\/wp\/v2\/types\/page"}],"author":[{"embeddable":true,"href":"https:\/\/gymnasium-rheindahlen.de\/index.php\/wp-json\/wp\/v2\/users\/1"}],"replies":[{"embeddable":true,"href":"https:\/\/gymnasium-rheindahlen.de\/index.php\/wp-json\/wp\/v2\/comments?post=557"}],"version-history":[{"count":7,"href":"https:\/\/gymnasium-rheindahlen.de\/index.php\/wp-json\/wp\/v2\/pages\/557\/revisions"}],"predecessor-version":[{"id":2208,"href":"https:\/\/gymnasium-rheindahlen.de\/index.php\/wp-json\/wp\/v2\/pages\/557\/revisions\/2208"}],"wp:attachment":[{"href":"https:\/\/gymnasium-rheindahlen.de\/index.php\/wp-json\/wp\/v2\/media?parent=557"}],"curies":[{"name":"wp","href":"https:\/\/api.w.org\/{rel}","templated":true}]}}

<div class="wp-block-group is-layout-flow wp-block-group-is-layout-flow">


<p>Die SV kann sich um Belange wie Verbesserungsvorschläge zur Unterrichtsführung, Konflikte mit Lehrer*innen oder organisatorische Probleme kümmern. Ihre Aufgabe kann es aber auch sein, AGs zu bilden, Schulprojekte zu planen und durchzuführen oder Geld für die Verbesserung der Schule zu sammeln.<br>Hast du Vorschläge oder Fragen oder brauchst du Hilfe, dann kannst du uns gerne direkt ansprechen oder uns eine Mail schreiben an: sv@gymnasium-rheindahlen.de.</p>



<p>Du möchtest in der SV aktiv werden, dann komme zu unserer SV-Pause am Mittwoch in der großen Pause im Raum A002.</p>



<p>Unser aktuelles Schülersprecher*innenteam besteht aus Louis Halfes-Meis (Q1), Rahel Schriefers (Stellvertreterin, Q2) und Katharina Aretz (Stellvertreterin, Q2).</p>



<p>Die SV-Lehrkräfte sind Michael Schmitz und Tim Wulms.</p>
<p>&nbsp;</p>



<div class="wp-block-group is-layout-flow wp-block-group-is-layout-flow"></div>

<p>Die SV kann sich um Belange wie Verbesserungsvorschläge zur Unterrichtsführung, Konflikte mit Lehrer*innen oder organisatorische Probleme kümmern. Ihre Aufgabe kann [&hellip;]</p>
