{"id":530,"date":"2022-09-16T13:31:57","date_gmt":"2022-09-16T11:31:57","guid":{"rendered":"https:\/\/gymnasium-rheindahlen.de\/?page_id=530"},"modified":"2022-09-16T13:31:57","modified_gmt":"2022-09-16T11:31:57","slug":"fremdsprachen","status":"publish","type":"page","link":"https:\/\/gymnasium-rheindahlen.de\/index.php\/fremdsprachen\/","title":{"rendered":"Fremdsprachen"},"content":{"rendered":"\n<p>An unserer Schule wird ab der f\u00fcnften Klasse&nbsp;<strong>Englisch&nbsp;<\/strong>unterrichtet, ab der siebten Klasse stehen <strong>Franz\u00f6sisch<\/strong> und <strong>Latein<\/strong> zur Wahl, ab der 11 dann auch <strong>Spanisch<\/strong> als neu einsetzende Fremdsprache.<\/p>\n\n\n\n<p><strong>Das Fach Latein<\/strong><\/p>\n\n\n\n<p>Durch gro\u00dfes Engagement seitens der Lateinlehrer und eine dem Lateinischen gegen\u00fcber recht aufgeschlossenen Eltern-und Sch\u00fclerschaft hat das Fach Latein am Gymnasium Rheindahlen einen festen Platz im Kanon der Fremdsprachen.Tradition und Modernit\u00e4t, Zeitgem\u00e4\u00dfheit und &#8222;Anti-Mainstream Angebot&#8220;, gesellschaftliche Relevanz und pers\u00f6nliches Bildungserlebnis &#8211; das alles leistet Latein. Am Gymnasium Rheindahlen wird das Fach Latein als 2. Fremdsprache in Klasse 7. Die Anwartschaft auf das Latinum erhalten die Sch\u00fclerInnen bei mindestens ausreichenden Leistungen am Ende der Klasse EF. Ein Latinum ist erforderlich f\u00fcr das Lehramtsstudium (Sek I\/II),f\u00fcr eine Reihe von Magisterstudieng\u00e4ngen, Promotion; beim Jurastudium ist ein Latinum erw\u00fcnscht.<\/p>\n\n\n\n<p><strong>Das Fach Franz\u00f6sisch<\/strong><\/p>\n\n\n\n<p>Da die Kommunikationsf\u00e4higkeit in mindestens zwei modernen Fremdsprachen Voraussetzung daf\u00fcr ist, dass die Jugendlichen im zuk\u00fcnftigen Europa ihre berufliche Position ausbauen und festigen k\u00f6nnen, kommt dem Franz\u00f6sischen dabei eine besondere Rolle zu, unter anderem nat\u00fcrlich deshalb, da das Erlernen der franz\u00f6sischen Sprache den Erwerb vor allem anderer romanischer Sprachen erleichtert. Da uns bewusst ist, dass f\u00fcr unsere Sch\u00fclerInnen das Franz\u00f6sische weiterhin eine besondere Bedeutung hat, weil Frankreich und Deutschland in den vergangenen f\u00fcnfzig Jahren eine au\u00dfergew\u00f6hnliche politische und wirtschaftliche Ann\u00e4herung gelungen ist, wird Franz\u00f6sisch an unserer Schule immer sowohl als zweite als auch als dritte Fremdsprache angeboten, und zwar wie bei Latein in der Klasse 7.&nbsp;<\/p>\n\n\n\n<p><strong>Das Fach Spanisch<\/strong><\/p>\n\n\n\n<p>Seit dem Schuljahr 2013\/14 erweitert Spanisch unseren Kanon an sprachlichen Unterrichtsf\u00e4chern. Als neu einsetzende Fremdsprache wird es zu Beginn der Oberstufe, also in der Jahrgangsstufe EF (G9: 11), angeboten und stellt somit nicht zuletzt f\u00fcr ehemalige Real- oder Hauptsch\u00fcler*innen ein attraktives Angebot dar.<\/p>\n","protected":false},"excerpt":{"rendered":"<p>An unserer Schule wird ab der f\u00fcnften Klasse&nbsp;Englisch&nbsp;unterrichtet, ab der siebten Klasse stehen Franz\u00f6sisch und Latein zur Wahl, ab der [&hellip;]<\/p>\n","protected":false},"author":1,"featured_media":0,"parent":0,"menu_order":0,"comment_status":"closed","ping_status":"closed","template":"","meta":{"ngg_post_thumbnail":0,"footnotes":""},"class_list":["post-530","page","type-page","status-publish","hentry"],"featured_image_src":null,"_links":{"self":[{"href":"https:\/\/gymnasium-rheindahlen.de\/index.php\/wp-json\/wp\/v2\/pages\/530","targetHints":{"allow":["GET"]}}],"collection":[{"href":"https:\/\/gymnasium-rheindahlen.de\/index.php\/wp-json\/wp\/v2\/pages"}],"about":[{"href":"https:\/\/gymnasium-rheindahlen.de\/index.php\/wp-json\/wp\/v2\/types\/page"}],"author":[{"embeddable":true,"href":"https:\/\/gymnasium-rheindahlen.de\/index.php\/wp-json\/wp\/v2\/users\/1"}],"replies":[{"embeddable":true,"href":"https:\/\/gymnasium-rheindahlen.de\/index.php\/wp-json\/wp\/v2\/comments?post=530"}],"version-history":[{"count":1,"href":"https:\/\/gymnasium-rheindahlen.de\/index.php\/wp-json\/wp\/v2\/pages\/530\/revisions"}],"predecessor-version":[{"id":531,"href":"https:\/\/gymnasium-rheindahlen.de\/index.php\/wp-json\/wp\/v2\/pages\/530\/revisions\/531"}],"wp:attachment":[{"href":"https:\/\/gymnasium-rheindahlen.de\/index.php\/wp-json\/wp\/v2\/media?parent=530"}],"curies":[{"name":"wp","href":"https:\/\/api.w.org\/{rel}","templated":true}]}}

<p>An unserer Schule wird ab der fünften Klasse&nbsp;<strong>Englisch&nbsp;</strong>unterrichtet, ab der siebten Klasse stehen <strong>Französisch</strong> und <strong>Latein</strong> zur Wahl, ab der 11 dann auch <strong>Spanisch</strong> als neu einsetzende Fremdsprache.</p>



<p><strong>Das Fach Latein</strong></p>



<p>Durch großes Engagement seitens der Lateinlehrer und eine dem Lateinischen gegenüber recht aufgeschlossenen Eltern-und Schülerschaft hat das Fach Latein am Gymnasium Rheindahlen einen festen Platz im Kanon der Fremdsprachen.Tradition und Modernität, Zeitgemäßheit und &#8222;Anti-Mainstream Angebot&#8220;, gesellschaftliche Relevanz und persönliches Bildungserlebnis &#8211; das alles leistet Latein. Am Gymnasium Rheindahlen wird das Fach Latein als 2. Fremdsprache in Klasse 7. Die Anwartschaft auf das Latinum erhalten die SchülerInnen bei mindestens ausreichenden Leistungen am Ende der Klasse EF. Ein Latinum ist erforderlich für das Lehramtsstudium (Sek I/II),für eine Reihe von Magisterstudiengängen, Promotion; beim Jurastudium ist ein Latinum erwünscht.</p>



<p><strong>Das Fach Französisch</strong></p>



<p>Da die Kommunikationsfähigkeit in mindestens zwei modernen Fremdsprachen Voraussetzung dafür ist, dass die Jugendlichen im zukünftigen Europa ihre berufliche Position ausbauen und festigen können, kommt dem Französischen dabei eine besondere Rolle zu, unter anderem natürlich deshalb, da das Erlernen der französischen Sprache den Erwerb vor allem anderer romanischer Sprachen erleichtert. Da uns bewusst ist, dass für unsere SchülerInnen das Französische weiterhin eine besondere Bedeutung hat, weil Frankreich und Deutschland in den vergangenen fünfzig Jahren eine außergewöhnliche politische und wirtschaftliche Annäherung gelungen ist, wird Französisch an unserer Schule immer sowohl als zweite als auch als dritte Fremdsprache angeboten, und zwar wie bei Latein in der Klasse 7.&nbsp;</p>



<p><strong>Das Fach Spanisch</strong></p>



<p>Seit dem Schuljahr 2013/14 erweitert Spanisch unseren Kanon an sprachlichen Unterrichtsfächern. Als neu einsetzende Fremdsprache wird es zu Beginn der Oberstufe, also in der Jahrgangsstufe EF (G9: 11), angeboten und stellt somit nicht zuletzt für ehemalige Real- oder Hauptschüler*innen ein attraktives Angebot dar.</p>

<p>An unserer Schule wird ab der fünften Klasse&nbsp;Englisch&nbsp;unterrichtet, ab der siebten Klasse stehen Französisch und Latein zur Wahl, ab der [&hellip;]</p>
