{"id":524,"date":"2022-09-16T13:24:16","date_gmt":"2022-09-16T11:24:16","guid":{"rendered":"https:\/\/gymnasium-rheindahlen.de\/?page_id=524"},"modified":"2026-04-27T12:36:20","modified_gmt":"2026-04-27T10:36:20","slug":"schwerpunkt-sport","status":"publish","type":"page","link":"https:\/\/gymnasium-rheindahlen.de\/index.php\/schwerpunkt-sport\/","title":{"rendered":"Schwerpunkt Sport"},"content":{"rendered":"\r\n<p>Das Gymnasium Rheindahlen ist nicht nur Partnerschule des Leistungssports, Eliteschule des Fu\u00dfballs und ab dem Schuljahr 2015\/16 auch NRW-Sportschule, sondern auch generell eine sehr sportliche Schule.<\/p>\r\n\r\n\r\n\r\n<p>Die \u201eSchule im Gr\u00fcnen\u201c bietet schon auf den ersten Blick optimale Sportbedingungen: Dreifachturnhalle, Judo-, Gymnastik- und Tischtennisraum, drei Hartpl\u00e4tze, 110m-Laufbahn, Sprunggrube, Kugelsto\u00dfring sowie ein modernes Hallenbad \u2013 alles auf dem Schulgel\u00e4nde!<\/p>\r\n\r\n\r\n\r\n<p>Auch im Schulleben nimmt der Sport eine gro\u00dfe Rolle ein, wie schulinterne Sportfeste, Klassenfahrten mit sportlichem Schwerpunkt, eine optionale <a href=\"https:\/\/gymnasium-rheindahlen.de\/index.php\/2026\/02\/11\/winterabenteuer-im-zillertal\/\">Skifahrt<\/a>, verschiedene Sport-Arbeitsgemeinschaften und zahlreiche sportliche Erfolge bei regionalen und \u00fcberregionalen Wettk\u00e4mpfen belegen.<\/p>\r\n\r\n\r\n\r\n<p>Sportaffine Sch\u00fclerinnen und Sch\u00fcler k\u00f6nnen in Klasse 9 einen Differenzierungskurs &#8222;Sport&#8220; w\u00e4hlen. w\u00e4hrend f\u00fcr Sch\u00fclerinnen und Sch\u00fcler der Oberstufe die M\u00f6glichkeit besteht, Sport als 4. Abiturfach zu w\u00e4hlen.<\/p>\r\n\r\n\r\n\r\n<p>Weitere Informationen zu spezifischen Sportthemen finden Sie hier:<\/p>\r\n\r\n\r\n\r\n<p><a href=\"https:\/\/gymnasium-rheindahlen.de\/index.php\/sport-am-gymnasium-rheindahlen\/\">Sport am Gymnasium Rheindahlen<\/a><\/p>\r\n\r\n\r\n\r\n<p><a href=\"https:\/\/gymnasium-rheindahlen.de\/index.php\/nrw-sportschule\/\">NRW-Sportschule<\/a><\/p>\r\n\r\n\r\n\r\n<p><a href=\"https:\/\/gymnasium-rheindahlen.de\/index.php\/eliteschule-des-fussballs\/\">Eliteschule des Fu\u00dfballs<\/a><\/p>\r\n<p><a href=\"https:\/\/gymnasium-rheindahlen.de\/index.php\/sport-als-differenzierungsfach-9\/\">Sport als Differenzierungskurs 9<\/a><\/p>\r\n\r\n\r\n\r\n<p><a href=\"https:\/\/gymnasium-rheindahlen.de\/index.php\/sport-teilinternat\/\">Sport-Teilinternat<\/a><\/p>\r\n<p><a href=\"https:\/\/gymnasium-rheindahlen.de\/index.php\/dfb-junior-coach-ausbildung\/\">DFB-Junior-Coach-Lehrgang<\/a><\/p>\r\n","protected":false},"excerpt":{"rendered":"<p>Das Gymnasium Rheindahlen ist nicht nur Partnerschule des Leistungssports, Eliteschule des Fu\u00dfballs und ab dem Schuljahr 2015\/16 auch NRW-Sportschule, sondern [&hellip;]<\/p>\n","protected":false},"author":1,"featured_media":0,"parent":0,"menu_order":0,"comment_status":"closed","ping_status":"closed","template":"","meta":{"ngg_post_thumbnail":0,"footnotes":""},"class_list":["post-524","page","type-page","status-publish","hentry"],"featured_image_src":null,"_links":{"self":[{"href":"https:\/\/gymnasium-rheindahlen.de\/index.php\/wp-json\/wp\/v2\/pages\/524","targetHints":{"allow":["GET"]}}],"collection":[{"href":"https:\/\/gymnasium-rheindahlen.de\/index.php\/wp-json\/wp\/v2\/pages"}],"about":[{"href":"https:\/\/gymnasium-rheindahlen.de\/index.php\/wp-json\/wp\/v2\/types\/page"}],"author":[{"embeddable":true,"href":"https:\/\/gymnasium-rheindahlen.de\/index.php\/wp-json\/wp\/v2\/users\/1"}],"replies":[{"embeddable":true,"href":"https:\/\/gymnasium-rheindahlen.de\/index.php\/wp-json\/wp\/v2\/comments?post=524"}],"version-history":[{"count":10,"href":"https:\/\/gymnasium-rheindahlen.de\/index.php\/wp-json\/wp\/v2\/pages\/524\/revisions"}],"predecessor-version":[{"id":4982,"href":"https:\/\/gymnasium-rheindahlen.de\/index.php\/wp-json\/wp\/v2\/pages\/524\/revisions\/4982"}],"wp:attachment":[{"href":"https:\/\/gymnasium-rheindahlen.de\/index.php\/wp-json\/wp\/v2\/media?parent=524"}],"curies":[{"name":"wp","href":"https:\/\/api.w.org\/{rel}","templated":true}]}}