{"id":493,"date":"2022-09-16T12:46:26","date_gmt":"2022-09-16T10:46:26","guid":{"rendered":"https:\/\/gymnasium-rheindahlen.de\/?page_id=493"},"modified":"2025-09-13T10:07:38","modified_gmt":"2025-09-13T08:07:38","slug":"berufs-und-studienberatung","status":"publish","type":"page","link":"https:\/\/gymnasium-rheindahlen.de\/index.php\/berufs-und-studienberatung\/","title":{"rendered":"Berufs- und Studienberatung"},"content":{"rendered":"\n<p>Am Gymnasium Rheindahlen ist die Berufs- und Studienorientierung altersgem\u00e4\u00df an mehreren Stellen im Schulprogramm verankert.<\/p>\n\n\n<div class=\"wp-block-ub-content-toggle wp-block-ub-content-toggle-block\" id=\"ub-content-toggle-block-2574fee6-9b81-49c2-9149-8c357a5a75d0\" data-mobilecollapse=\"true\" data-desktopcollapse=\"true\" data-preventcollapse=\"false\" data-showonlyone=\"false\">\n<div class=\"wp-block-ub-content-toggle-accordion\" style=\"border-color: #f1f1f1; \" id=\"ub-content-toggle-panel-block-\">\n\t\t\t<div class=\"wp-block-ub-content-toggle-accordion-title-wrap\" style=\"background-color: #f1f1f1;\" aria-controls=\"ub-content-toggle-panel-0-2574fee6-9b81-49c2-9149-8c357a5a75d0\" tabindex=\"0\">\n\t\t\t<p class=\"wp-block-ub-content-toggle-accordion-title ub-content-toggle-title-2574fee6-9b81-49c2-9149-8c357a5a75d0\" style=\"color: #000000; \">Sekundarstufe I<\/p>\n\t\t\t<div class=\"wp-block-ub-content-toggle-accordion-toggle-wrap right\" style=\"color: #000000;\"><span class=\"wp-block-ub-content-toggle-accordion-state-indicator wp-block-ub-chevron-down\"><\/span><\/div>\n\t\t<\/div>\n\t\t\t<div role=\"region\" aria-expanded=\"false\" class=\"wp-block-ub-content-toggle-accordion-content-wrap ub-hide\" id=\"ub-content-toggle-panel-0-2574fee6-9b81-49c2-9149-8c357a5a75d0\">\n\n<ul class=\"wp-block-list\">\n<li>Bewerbungstraining in der Jahrgangsstufe 8 in Zusammenarbeit mit dem BIZ<\/li>\n\n\n\n<li>Potentialanalyse und <a href=\"https:\/\/gymnasium-rheindahlen.de\/index.php\/berufsfelderkundungen\/\">Berufsfelderkundungen<\/a> in der Jahrgangsstufe 8<\/li>\n\n\n\n<li>Erstellung von Lebensl\u00e4ufen im Deutschunterricht<\/li>\n\n\n\n<li>Betriebspraktika in der Jahrgangsstufe 10 (2 Wochen)<\/li>\n\n\n\n<li>Individuelle Beratung durch Beratungslehrer am Ende der S I<\/li>\n<\/ul>\n\n<\/div>\n\t\t<\/div>\n<\/div>\n\n<div class=\"wp-block-ub-content-toggle wp-block-ub-content-toggle-block\" id=\"ub-content-toggle-block-002d53fd-7aa6-4422-b5d6-1d3261570678\" data-mobilecollapse=\"true\" data-desktopcollapse=\"true\" data-preventcollapse=\"false\" data-showonlyone=\"false\">\n<div class=\"wp-block-ub-content-toggle-accordion\" style=\"border-color: #f1f1f1; \" id=\"ub-content-toggle-panel-block-\">\n\t\t\t<div class=\"wp-block-ub-content-toggle-accordion-title-wrap\" style=\"background-color: #f1f1f1;\" aria-controls=\"ub-content-toggle-panel-0-002d53fd-7aa6-4422-b5d6-1d3261570678\" tabindex=\"0\">\n\t\t\t<p class=\"wp-block-ub-content-toggle-accordion-title ub-content-toggle-title-002d53fd-7aa6-4422-b5d6-1d3261570678\" style=\"color: #000000; \">Sekundarstufe II<\/p>\n\t\t\t<div class=\"wp-block-ub-content-toggle-accordion-toggle-wrap right\" style=\"color: #000000;\"><span class=\"wp-block-ub-content-toggle-accordion-state-indicator wp-block-ub-chevron-down\"><\/span><\/div>\n\t\t<\/div>\n\t\t\t<div role=\"region\" aria-expanded=\"false\" class=\"wp-block-ub-content-toggle-accordion-content-wrap ub-hide\" id=\"ub-content-toggle-panel-0-002d53fd-7aa6-4422-b5d6-1d3261570678\">\n\n<ul class=\"wp-block-list\">\n<li>Bewerbungstraining in Zusammenarbeit mit der BARMER<\/li>\n\n\n\n<li>Berufsberatung durch die Agentur f\u00fcr Arbeit (Berufsfelder, Informationen zum Studium, den Auswahlverfahren der Universit\u00e4ten und der ZVS)<\/li>\n\n\n\n<li>Pr\u00e4sentation verschiedener Berufe und Berufsfelder in Zusammenarbeit mit dem M\u00f6nchengladbacher Rotary &#8211; Club<\/li>\n\n\n\n<li>Individuelle oder kursgebundene Besuche von Hochschulen<\/li>\n<\/ul>\n\n<\/div>\n\t\t<\/div>\n<\/div>\n\n\n<h4 class=\"wp-block-heading\">Test zur richtigen Berufswahl<\/h4>\n\n\n\n<p>Viele Sch\u00fclerinnen und Sch\u00fcler wissen oft nicht, wie es nach der Schulzeit weitergehen soll. Vielleicht kann der folgende Test als Hilfestellung bei der Beantwortung dieser Frage dienen. Der Test ist einfach zu bedienen und arbeitet auf Grundlage bew\u00e4hrter psychologischer Modelle. Er wurde an die Bed\u00fcrfnisse der Zielgruppe angepasst und erm\u00f6glicht Sch\u00fclerinnen und Sch\u00fclern eine erste Einsch\u00e4tzung der eigenen beruflichen Interessen und F\u00e4higkeiten.<\/p>\n\n\n\n<p>Die aktuelle Version findet sich unter folgendem Link:<br><a href=\"https:\/\/schuelerpilot.us9.list-manage2.com\/track\/click?u=96a1cf06b0c3655553f235c20&amp;id=dee135941f&amp;e=6c827f0847\" target=\"_blank\" rel=\"noreferrer noopener\">https:\/\/www.schuelerpilot.de\/orientierungstest<\/a><\/p>\n","protected":false},"excerpt":{"rendered":"<p>Am Gymnasium Rheindahlen ist die Berufs- und Studienorientierung altersgem\u00e4\u00df an mehreren Stellen im Schulprogramm verankert. Test zur richtigen Berufswahl Viele [&hellip;]<\/p>\n","protected":false},"author":1,"featured_media":0,"parent":0,"menu_order":0,"comment_status":"closed","ping_status":"closed","template":"","meta":{"ngg_post_thumbnail":0,"footnotes":""},"class_list":["post-493","page","type-page","status-publish","hentry"],"featured_image_src":null,"_links":{"self":[{"href":"https:\/\/gymnasium-rheindahlen.de\/index.php\/wp-json\/wp\/v2\/pages\/493","targetHints":{"allow":["GET"]}}],"collection":[{"href":"https:\/\/gymnasium-rheindahlen.de\/index.php\/wp-json\/wp\/v2\/pages"}],"about":[{"href":"https:\/\/gymnasium-rheindahlen.de\/index.php\/wp-json\/wp\/v2\/types\/page"}],"author":[{"embeddable":true,"href":"https:\/\/gymnasium-rheindahlen.de\/index.php\/wp-json\/wp\/v2\/users\/1"}],"replies":[{"embeddable":true,"href":"https:\/\/gymnasium-rheindahlen.de\/index.php\/wp-json\/wp\/v2\/comments?post=493"}],"version-history":[{"count":12,"href":"https:\/\/gymnasium-rheindahlen.de\/index.php\/wp-json\/wp\/v2\/pages\/493\/revisions"}],"predecessor-version":[{"id":3915,"href":"https:\/\/gymnasium-rheindahlen.de\/index.php\/wp-json\/wp\/v2\/pages\/493\/revisions\/3915"}],"wp:attachment":[{"href":"https:\/\/gymnasium-rheindahlen.de\/index.php\/wp-json\/wp\/v2\/media?parent=493"}],"curies":[{"name":"wp","href":"https:\/\/api.w.org\/{rel}","templated":true}]}}

<p>Am Gymnasium Rheindahlen ist die Berufs- und Studienorientierung altersgemäß an mehreren Stellen im Schulprogramm verankert.</p>


<div class="wp-block-ub-content-toggle wp-block-ub-content-toggle-block" id="ub-content-toggle-block-2574fee6-9b81-49c2-9149-8c357a5a75d0" data-mobilecollapse="true" data-desktopcollapse="true" data-preventcollapse="false" data-showonlyone="false">
<div class="wp-block-ub-content-toggle-accordion" style="border-color: #f1f1f1; " id="ub-content-toggle-panel-block-">
			<div class="wp-block-ub-content-toggle-accordion-title-wrap" style="background-color: #f1f1f1;" aria-controls="ub-content-toggle-panel-0-2574fee6-9b81-49c2-9149-8c357a5a75d0" tabindex="0">
			<p class="wp-block-ub-content-toggle-accordion-title ub-content-toggle-title-2574fee6-9b81-49c2-9149-8c357a5a75d0" style="color: #000000; ">Sekundarstufe I</p>
			<div class="wp-block-ub-content-toggle-accordion-toggle-wrap right" style="color: #000000;"><span class="wp-block-ub-content-toggle-accordion-state-indicator wp-block-ub-chevron-down"></span></div>
		</div>
			<div role="region" aria-expanded="false" class="wp-block-ub-content-toggle-accordion-content-wrap ub-hide" id="ub-content-toggle-panel-0-2574fee6-9b81-49c2-9149-8c357a5a75d0">

<ul class="wp-block-list">
<li>Bewerbungstraining in der Jahrgangsstufe 8 in Zusammenarbeit mit dem BIZ</li>



<li>Potentialanalyse und <a href="https://gymnasium-rheindahlen.de/index.php/berufsfelderkundungen/">Berufsfelderkundungen</a> in der Jahrgangsstufe 8</li>



<li>Erstellung von Lebensläufen im Deutschunterricht</li>



<li>Betriebspraktika in der Jahrgangsstufe 10 (2 Wochen)</li>



<li>Individuelle Beratung durch Beratungslehrer am Ende der S I</li>
</ul>

</div>
		</div>
</div>

<div class="wp-block-ub-content-toggle wp-block-ub-content-toggle-block" id="ub-content-toggle-block-002d53fd-7aa6-4422-b5d6-1d3261570678" data-mobilecollapse="true" data-desktopcollapse="true" data-preventcollapse="false" data-showonlyone="false">
<div class="wp-block-ub-content-toggle-accordion" style="border-color: #f1f1f1; " id="ub-content-toggle-panel-block-">
			<div class="wp-block-ub-content-toggle-accordion-title-wrap" style="background-color: #f1f1f1;" aria-controls="ub-content-toggle-panel-0-002d53fd-7aa6-4422-b5d6-1d3261570678" tabindex="0">
			<p class="wp-block-ub-content-toggle-accordion-title ub-content-toggle-title-002d53fd-7aa6-4422-b5d6-1d3261570678" style="color: #000000; ">Sekundarstufe II</p>
			<div class="wp-block-ub-content-toggle-accordion-toggle-wrap right" style="color: #000000;"><span class="wp-block-ub-content-toggle-accordion-state-indicator wp-block-ub-chevron-down"></span></div>
		</div>
			<div role="region" aria-expanded="false" class="wp-block-ub-content-toggle-accordion-content-wrap ub-hide" id="ub-content-toggle-panel-0-002d53fd-7aa6-4422-b5d6-1d3261570678">

<ul class="wp-block-list">
<li>Bewerbungstraining in Zusammenarbeit mit der BARMER</li>



<li>Berufsberatung durch die Agentur für Arbeit (Berufsfelder, Informationen zum Studium, den Auswahlverfahren der Universitäten und der ZVS)</li>



<li>Präsentation verschiedener Berufe und Berufsfelder in Zusammenarbeit mit dem Mönchengladbacher Rotary &#8211; Club</li>



<li>Individuelle oder kursgebundene Besuche von Hochschulen</li>
</ul>

</div>
		</div>
</div>


<h4 class="wp-block-heading">Test zur richtigen Berufswahl</h4>



<p>Viele Schülerinnen und Schüler wissen oft nicht, wie es nach der Schulzeit weitergehen soll. Vielleicht kann der folgende Test als Hilfestellung bei der Beantwortung dieser Frage dienen. Der Test ist einfach zu bedienen und arbeitet auf Grundlage bewährter psychologischer Modelle. Er wurde an die Bedürfnisse der Zielgruppe angepasst und ermöglicht Schülerinnen und Schülern eine erste Einschätzung der eigenen beruflichen Interessen und Fähigkeiten.</p>



<p>Die aktuelle Version findet sich unter folgendem Link:<br><a href="https://schuelerpilot.us9.list-manage2.com/track/click?u=96a1cf06b0c3655553f235c20&amp;id=dee135941f&amp;e=6c827f0847" target="_blank" rel="noreferrer noopener">https://www.schuelerpilot.de/orientierungstest</a></p>

<p>Am Gymnasium Rheindahlen ist die Berufs- und Studienorientierung altersgemäß an mehreren Stellen im Schulprogramm verankert. Test zur richtigen Berufswahl Viele [&hellip;]</p>
