{"id":488,"date":"2022-09-16T12:39:16","date_gmt":"2022-09-16T10:39:16","guid":{"rendered":"https:\/\/gymnasium-rheindahlen.de\/?page_id=488"},"modified":"2023-09-15T08:53:59","modified_gmt":"2023-09-15T06:53:59","slug":"service","status":"publish","type":"page","link":"https:\/\/gymnasium-rheindahlen.de\/index.php\/service\/","title":{"rendered":"Service"},"content":{"rendered":"\r\n<p>Aktuelle Informationen \u00fcber die Schulorganisation, Neuigkeiten, interessante Links, Medienberichte, Formulare und vieles mehr werden auf dieser Seite zur Verf\u00fcgung gestellt.<\/p>\r\n\r\n\r\n\r\n<p>Zurzeit k\u00f6nnen folgende Angebote abgerufen werden:<\/p>\r\n\r\n\r\n\r\n<ul class=\"wp-block-list\">\r\n<li><a href=\"https:\/\/gymnasium-rheindahlen.de\/index.php\/kontakt\/\">Kontakt<\/a><\/li>\r\n<li><a href=\"https:\/\/gymnasium-rheindahlen.de\/index.php\/anfahrt\/\">Anfahrt<\/a><\/li>\r\n<li><a href=\"https:\/\/gymnasium-rheindahlen.de\/index.php\/berufs-und-studienberatung\/\">Berufs- und Studienberatung<\/a><\/li>\r\n<li><a href=\"https:\/\/gymnasium-rheindahlen.de\/index.php\/downloads\/\">Downloads<\/a><\/li>\r\n<li><a href=\"https:\/\/gymnasium-rheindahlen.de\/index.php\/hausordnung\/\">Hausordnung<\/a><\/li>\r\n<li><a href=\"https:\/\/gymnasium-rheindahlen.de\/index.php\/oberstufe\/\">Oberstufe<\/a><\/li>\r\n<li><a href=\"https:\/\/gymnasium-rheindahlen.de\/index.php\/stundenverteilung-und-sprechstunden\/\">Stundenverteilung und Sprechstunden<\/a><\/li>\r\n<li><a href=\"https:\/\/gymnasium-rheindahlen.de\/index.php\/termine\/\">Termine und Klassenarbeiten<\/a><\/li>\r\n<\/ul>\r\n\r\n\r\n\r\n<p><strong>Stundenverteilung<\/strong><\/p>\r\n\r\n\r\n\r\n<p>1. Stunde 08.10 &#8211; 08.55 Uhr<br>2. Stunde 09.00 &#8211; 09.45 Uhr<br>3. Stunde 09.50 &#8211; 10.35 Uhr<\/p>\r\n\r\n\r\n\r\n<p>Pause 10.35 &#8211; 11.05 Uhr<\/p>\r\n\r\n\r\n\r\n<p>4. Stunde 11.05 &#8211; 11.50 Uhr<br>5. Stunde 11.55 &#8211; 12.40 Uhr<br>6. Stunde 12.45 &#8211; 13.30 Uhr<\/p>\r\n\r\n\r\n\r\n<p>Mittagspause 13.35 &#8211; 14.20 Uhr (7. Stunde)<\/p>\r\n\r\n\r\n\r\n<p>8. Stunde 14.30 &#8211; 15.15 Uhr<br>9. Stunde 15.15 &#8211; 16.00 Uhr<br>10. Stunde 16.00 Uhr &#8211; 16.45 Uhr<br>11. Stunde 16.45 Uhr &#8211; 17.30 Uhr<br>12. Stunde 17.30 Uhr &#8211; 18.15 Uhr<\/p>\r\n\r\n\r\n\r\n<p>Unsere Schule bietet die M\u00f6glichkeit der \u00dcbermittagsbetreuung an. Sch\u00fclerinnen und Sch\u00fcler k\u00f6nnen von Montag bis Donnerstag in der Zeit bis 16 Uhr durch eine Fachkraft der AWO betreut werden. In der hauseigenen Cafeteria gibt es t\u00e4glich warme Speisen.<\/p>\r\n","protected":false},"excerpt":{"rendered":"<p>Aktuelle Informationen \u00fcber die Schulorganisation, Neuigkeiten, interessante Links, Medienberichte, Formulare und vieles mehr werden auf dieser Seite zur Verf\u00fcgung gestellt. [&hellip;]<\/p>\n","protected":false},"author":1,"featured_media":0,"parent":0,"menu_order":0,"comment_status":"closed","ping_status":"closed","template":"","meta":{"ngg_post_thumbnail":0,"footnotes":""},"class_list":["post-488","page","type-page","status-publish","hentry"],"featured_image_src":null,"_links":{"self":[{"href":"https:\/\/gymnasium-rheindahlen.de\/index.php\/wp-json\/wp\/v2\/pages\/488","targetHints":{"allow":["GET"]}}],"collection":[{"href":"https:\/\/gymnasium-rheindahlen.de\/index.php\/wp-json\/wp\/v2\/pages"}],"about":[{"href":"https:\/\/gymnasium-rheindahlen.de\/index.php\/wp-json\/wp\/v2\/types\/page"}],"author":[{"embeddable":true,"href":"https:\/\/gymnasium-rheindahlen.de\/index.php\/wp-json\/wp\/v2\/users\/1"}],"replies":[{"embeddable":true,"href":"https:\/\/gymnasium-rheindahlen.de\/index.php\/wp-json\/wp\/v2\/comments?post=488"}],"version-history":[{"count":9,"href":"https:\/\/gymnasium-rheindahlen.de\/index.php\/wp-json\/wp\/v2\/pages\/488\/revisions"}],"predecessor-version":[{"id":2156,"href":"https:\/\/gymnasium-rheindahlen.de\/index.php\/wp-json\/wp\/v2\/pages\/488\/revisions\/2156"}],"wp:attachment":[{"href":"https:\/\/gymnasium-rheindahlen.de\/index.php\/wp-json\/wp\/v2\/media?parent=488"}],"curies":[{"name":"wp","href":"https:\/\/api.w.org\/{rel}","templated":true}]}}

<p>Aktuelle Informationen über die Schulorganisation, Neuigkeiten, interessante Links, Medienberichte, Formulare und vieles mehr werden auf dieser Seite zur Verfügung gestellt.</p>



<p>Zurzeit können folgende Angebote abgerufen werden:</p>



<ul class="wp-block-list">
<li><a href="https://gymnasium-rheindahlen.de/index.php/kontakt/">Kontakt</a></li>
<li><a href="https://gymnasium-rheindahlen.de/index.php/anfahrt/">Anfahrt</a></li>
<li><a href="https://gymnasium-rheindahlen.de/index.php/berufs-und-studienberatung/">Berufs- und Studienberatung</a></li>
<li><a href="https://gymnasium-rheindahlen.de/index.php/downloads/">Downloads</a></li>
<li><a href="https://gymnasium-rheindahlen.de/index.php/hausordnung/">Hausordnung</a></li>
<li><a href="https://gymnasium-rheindahlen.de/index.php/oberstufe/">Oberstufe</a></li>
<li><a href="https://gymnasium-rheindahlen.de/index.php/stundenverteilung-und-sprechstunden/">Stundenverteilung und Sprechstunden</a></li>
<li><a href="https://gymnasium-rheindahlen.de/index.php/termine/">Termine und Klassenarbeiten</a></li>
</ul>



<p><strong>Stundenverteilung</strong></p>



<p>1. Stunde 08.10 &#8211; 08.55 Uhr<br>2. Stunde 09.00 &#8211; 09.45 Uhr<br>3. Stunde 09.50 &#8211; 10.35 Uhr</p>



<p>Pause 10.35 &#8211; 11.05 Uhr</p>



<p>4. Stunde 11.05 &#8211; 11.50 Uhr<br>5. Stunde 11.55 &#8211; 12.40 Uhr<br>6. Stunde 12.45 &#8211; 13.30 Uhr</p>



<p>Mittagspause 13.35 &#8211; 14.20 Uhr (7. Stunde)</p>



<p>8. Stunde 14.30 &#8211; 15.15 Uhr<br>9. Stunde 15.15 &#8211; 16.00 Uhr<br>10. Stunde 16.00 Uhr &#8211; 16.45 Uhr<br>11. Stunde 16.45 Uhr &#8211; 17.30 Uhr<br>12. Stunde 17.30 Uhr &#8211; 18.15 Uhr</p>



<p>Unsere Schule bietet die Möglichkeit der Übermittagsbetreuung an. Schülerinnen und Schüler können von Montag bis Donnerstag in der Zeit bis 16 Uhr durch eine Fachkraft der AWO betreut werden. In der hauseigenen Cafeteria gibt es täglich warme Speisen.</p>

<p>Aktuelle Informationen über die Schulorganisation, Neuigkeiten, interessante Links, Medienberichte, Formulare und vieles mehr werden auf dieser Seite zur Verfügung gestellt. [&hellip;]</p>
