{"id":486,"date":"2022-09-16T12:35:32","date_gmt":"2022-09-16T10:35:32","guid":{"rendered":"https:\/\/gymnasium-rheindahlen.de\/?page_id=486"},"modified":"2022-10-31T20:34:29","modified_gmt":"2022-10-31T19:34:29","slug":"wichtige-termine","status":"publish","type":"page","link":"https:\/\/gymnasium-rheindahlen.de\/index.php\/wichtige-termine\/","title":{"rendered":"Wichtige Termine"},"content":{"rendered":"\r\n<p>Falls Sie \u00fcberlegen, Ihr Kind an unserer Schule anzumelden, finden Sie hier einen \u00dcberblick \u00fcber allen Termine, die diesbez\u00fcglich wichtig sind, angefangen bei der ersten Informationsveranstaltung \u00fcber die Anmeldung bis hin zur Einschulung:<\/p>\r\n\r\n\r\n\r\n<p><a href=\"https:\/\/gymnasium-rheindahlen.de\/index.php\/informationsveranstaltung\/\">Informationsveranstaltung<\/a><\/p>\r\n\r\n\r\n\r\n<p><a href=\"https:\/\/gymnasium-rheindahlen.de\/index.php\/tag-der-offenen-tuer\/\">Tag der offenen T\u00fcr<\/a><\/p>\r\n\r\n\r\n\r\n<p><a href=\"https:\/\/gymnasium-rheindahlen.de\/index.php\/individuelle-beratung\/\">Individuelle Beratung<\/a><\/p>\r\n\r\n\r\n\r\n<p><a href=\"https:\/\/gymnasium-rheindahlen.de\/index.php\/sportmotorischer-test\/\">Sportmotorischer Test<\/a><\/p>\r\n\r\n\r\n\r\n<p><a href=\"https:\/\/gymnasium-rheindahlen.de\/index.php\/anmeldung\/\">Anmeldung<\/a><\/p>\r\n\r\n\r\n\r\n<p><a href=\"https:\/\/gymnasium-rheindahlen.de\/index.php\/kennenlerntreff-2\/\">Kennenlerntreff<\/a><\/p>\r\n\r\n\r\n\r\n<p><a href=\"https:\/\/gymnasium-rheindahlen.de\/index.php\/einschulung\/\">Einschulung<\/a><\/p>\r\n","protected":false},"excerpt":{"rendered":"<p>Falls Sie \u00fcberlegen, Ihr Kind an unserer Schule anzumelden, finden Sie hier einen \u00dcberblick \u00fcber allen Termine, die diesbez\u00fcglich wichtig [&hellip;]<\/p>\n","protected":false},"author":1,"featured_media":0,"parent":0,"menu_order":0,"comment_status":"closed","ping_status":"closed","template":"","meta":{"ngg_post_thumbnail":0,"footnotes":""},"class_list":["post-486","page","type-page","status-publish","hentry"],"featured_image_src":null,"_links":{"self":[{"href":"https:\/\/gymnasium-rheindahlen.de\/index.php\/wp-json\/wp\/v2\/pages\/486","targetHints":{"allow":["GET"]}}],"collection":[{"href":"https:\/\/gymnasium-rheindahlen.de\/index.php\/wp-json\/wp\/v2\/pages"}],"about":[{"href":"https:\/\/gymnasium-rheindahlen.de\/index.php\/wp-json\/wp\/v2\/types\/page"}],"author":[{"embeddable":true,"href":"https:\/\/gymnasium-rheindahlen.de\/index.php\/wp-json\/wp\/v2\/users\/1"}],"replies":[{"embeddable":true,"href":"https:\/\/gymnasium-rheindahlen.de\/index.php\/wp-json\/wp\/v2\/comments?post=486"}],"version-history":[{"count":6,"href":"https:\/\/gymnasium-rheindahlen.de\/index.php\/wp-json\/wp\/v2\/pages\/486\/revisions"}],"predecessor-version":[{"id":1199,"href":"https:\/\/gymnasium-rheindahlen.de\/index.php\/wp-json\/wp\/v2\/pages\/486\/revisions\/1199"}],"wp:attachment":[{"href":"https:\/\/gymnasium-rheindahlen.de\/index.php\/wp-json\/wp\/v2\/media?parent=486"}],"curies":[{"name":"wp","href":"https:\/\/api.w.org\/{rel}","templated":true}]}}