{"id":470,"date":"2022-09-16T12:31:14","date_gmt":"2022-09-16T10:31:14","guid":{"rendered":"https:\/\/gymnasium-rheindahlen.de\/?page_id=470"},"modified":"2022-09-16T12:31:14","modified_gmt":"2022-09-16T10:31:14","slug":"transformation-konkret","status":"publish","type":"page","link":"https:\/\/gymnasium-rheindahlen.de\/index.php\/transformation-konkret\/","title":{"rendered":"Transformation konkret"},"content":{"rendered":"\n<div class=\"wp-block-group is-layout-flow wp-block-group-is-layout-flow\">\n<p>Am Dienstag, dem 21.06.2022, fand der UNESCO-Projekttag &#8222;Transformation konkret&#8220; statt. Eine Projekt\u00fcbersicht und Impressionen zu einzelnen Projektergebnissen finden Sie hier:<\/p>\n<\/div>\n\n\n\n<div class=\"wp-block-group is-layout-flow wp-block-group-is-layout-flow\">\nngg_shortcode_0_placeholder\n<\/div>\n\n\n\n<div class=\"wp-block-group is-layout-flow wp-block-group-is-layout-flow\">\n<p>Klasse 5:&nbsp;&nbsp;&nbsp;&nbsp;&nbsp;&nbsp;&nbsp;&nbsp;&nbsp;&nbsp;&nbsp;&nbsp;<\/p>\n<\/div>\n\n\n\n<div class=\"wp-block-group is-layout-flow wp-block-group-is-layout-flow\">\n<ul class=\"wp-block-list\"><li>M\u00f6nchengladbach und ich: Mein Wunsch-M\u00f6nchengladbach im Schuhkarton<\/li><li>Umgang mit dem Handy in der Schule &#8211; was muss sich \u00e4ndern?<\/li><li>Ab ins Gr\u00fcne: Insektensterben als Domino und Memory<\/li><\/ul>\n\n\n\n<p>Klasse 6: &nbsp;&nbsp;&nbsp;&nbsp;&nbsp;&nbsp;&nbsp;&nbsp;&nbsp;&nbsp;&nbsp;<\/p>\n\n\n\n<ul class=\"wp-block-list\"><li>Transformation Wissensspiele<\/li><li>Umgestaltung von Gesellschaftsspielen<\/li><li>Spiele aus anderen Kulturen zu uns bringen<\/li><\/ul>\n\n\n\n<p>Klasse 7: &nbsp;&nbsp;&nbsp;&nbsp;&nbsp;&nbsp;&nbsp;&nbsp;&nbsp;&nbsp;&nbsp;<\/p>\n\n\n\n<ul class=\"wp-block-list\"><li>Transformation im Sport &#8211; Entwicklung von Sportarten zu alternativen Sportspielen<\/li><li>Seedballs- ein St\u00fcckchen Wildblumenwiese zum Mitnehmen<\/li><\/ul>\n\n\n\n<p>Klasse 8: &nbsp;&nbsp;&nbsp;&nbsp;&nbsp;&nbsp;&nbsp;&nbsp;&nbsp;&nbsp;&nbsp;<\/p>\n\n\n\n<ul class=\"wp-block-list\"><li>Transformation vom T-Shirt zur Tasche<\/li><li>Vom OHP zum Merge Cube<\/li><li>Neue Heimat f\u00fcr Insekten -Insektenhotels<\/li><\/ul>\n\n\n\n<p>Klasse 9: &nbsp;&nbsp;&nbsp;&nbsp;&nbsp;&nbsp;&nbsp;&nbsp;&nbsp;&nbsp;&nbsp;<\/p>\n\n\n\n<ul class=\"wp-block-list\"><li>Spiele in Zeiten und Kulturen<\/li><li>Transformationen von Technik und Spracharchitektur<\/li><li>Energietransformation<\/li><\/ul>\n\n\n\n<p>Klasse 10: &nbsp;&nbsp;&nbsp;&nbsp;&nbsp;&nbsp;&nbsp;&nbsp;&nbsp;<\/p>\n\n\n\n<ul class=\"wp-block-list\"><li>Auf dem Weg zur Nachhaltigen K\u00fcche &#8211; wir gestalten ein Kochbuch<\/li><li>Eis aus C02<\/li><li>Energie in Ghana &#8211; der Voltasee und seine Auswirkungen<\/li><\/ul>\n\n\n\n<p>Klasse 11: &nbsp;&nbsp;&nbsp;&nbsp;&nbsp;&nbsp;&nbsp;&nbsp;&nbsp;<\/p>\n\n\n\n<ul class=\"wp-block-list\"><li>Transformation in MG &#8211; St\u00e4dtebaulicher Wandel in M\u00f6nchengladbach<\/li><li>Transformation mit Instagram<\/li><li>Transformation vom Sch\u00fcler zum Lehrer: Erstellung von Sportspielen f\u00fcr die Mitmachphase am Tag der offenen T\u00fcr<\/li><\/ul>\n<\/div>\n","protected":false},"excerpt":{"rendered":"<p>Am Dienstag, dem 21.06.2022, fand der UNESCO-Projekttag &#8222;Transformation konkret&#8220; statt. Eine Projekt\u00fcbersicht und Impressionen zu einzelnen Projektergebnissen finden Sie hier: [&hellip;]<\/p>\n","protected":false},"author":1,"featured_media":0,"parent":0,"menu_order":0,"comment_status":"closed","ping_status":"closed","template":"","meta":{"ngg_post_thumbnail":0,"footnotes":""},"class_list":["post-470","page","type-page","status-publish","hentry"],"featured_image_src":null,"_links":{"self":[{"href":"https:\/\/gymnasium-rheindahlen.de\/index.php\/wp-json\/wp\/v2\/pages\/470","targetHints":{"allow":["GET"]}}],"collection":[{"href":"https:\/\/gymnasium-rheindahlen.de\/index.php\/wp-json\/wp\/v2\/pages"}],"about":[{"href":"https:\/\/gymnasium-rheindahlen.de\/index.php\/wp-json\/wp\/v2\/types\/page"}],"author":[{"embeddable":true,"href":"https:\/\/gymnasium-rheindahlen.de\/index.php\/wp-json\/wp\/v2\/users\/1"}],"replies":[{"embeddable":true,"href":"https:\/\/gymnasium-rheindahlen.de\/index.php\/wp-json\/wp\/v2\/comments?post=470"}],"version-history":[{"count":2,"href":"https:\/\/gymnasium-rheindahlen.de\/index.php\/wp-json\/wp\/v2\/pages\/470\/revisions"}],"predecessor-version":[{"id":481,"href":"https:\/\/gymnasium-rheindahlen.de\/index.php\/wp-json\/wp\/v2\/pages\/470\/revisions\/481"}],"wp:attachment":[{"href":"https:\/\/gymnasium-rheindahlen.de\/index.php\/wp-json\/wp\/v2\/media?parent=470"}],"curies":[{"name":"wp","href":"https:\/\/api.w.org\/{rel}","templated":true}]}}