{"id":458,"date":"2022-09-16T12:16:44","date_gmt":"2022-09-16T10:16:44","guid":{"rendered":"https:\/\/gymnasium-rheindahlen.de\/?page_id=458"},"modified":"2022-10-31T20:29:35","modified_gmt":"2022-10-31T19:29:35","slug":"sportfoerderung","status":"publish","type":"page","link":"https:\/\/gymnasium-rheindahlen.de\/index.php\/sportfoerderung\/","title":{"rendered":"Sportf\u00f6rderung"},"content":{"rendered":"\r\n<p>Ihr sportbegabtes Kind k\u00f6nnen Sie f\u00fcr die Sportf\u00f6rderung im Rahmen der NRW-Sportschule anmelden. Kinder der Sportf\u00f6rdergruppe erhalten zus\u00e4tzliche Sportstunden in Form von AGs, die im Nachmittagsbereich stattfinden. Sp\u00e4ter dazu kommen noch Talentsichtungs-AGs, die in den Klassen 6 und 7 in unseren Schwerpunktsportarten Fu\u00dfball, Judo, Schwimmen und Hockey von TrainerInnen der kooperierenden Sportvereine durchgef\u00fchrt werden. Die Zugeh\u00f6rigkeit zu einem Verein ist keine Voraussetzung f\u00fcr die Aufnahme in die Sportf\u00f6rderung, unabdingbar ist allerdings die erfolgreiche Teilnahme am sportmotorischen Test. Weiterf\u00fchrende Informationen finden Sie hier: <a href=\"https:\/\/gymnasium-rheindahlen.de\/index.php\/schwerpunkt-sport\/\">Schwerpunkt Sport<\/a>.<\/p>\r\n","protected":false},"excerpt":{"rendered":"<p>Ihr sportbegabtes Kind k\u00f6nnen Sie f\u00fcr die Sportf\u00f6rderung im Rahmen der NRW-Sportschule anmelden. Kinder der Sportf\u00f6rdergruppe erhalten zus\u00e4tzliche Sportstunden in [&hellip;]<\/p>\n","protected":false},"author":1,"featured_media":0,"parent":0,"menu_order":0,"comment_status":"closed","ping_status":"closed","template":"","meta":{"ngg_post_thumbnail":0,"footnotes":""},"class_list":["post-458","page","type-page","status-publish","hentry"],"featured_image_src":null,"_links":{"self":[{"href":"https:\/\/gymnasium-rheindahlen.de\/index.php\/wp-json\/wp\/v2\/pages\/458","targetHints":{"allow":["GET"]}}],"collection":[{"href":"https:\/\/gymnasium-rheindahlen.de\/index.php\/wp-json\/wp\/v2\/pages"}],"about":[{"href":"https:\/\/gymnasium-rheindahlen.de\/index.php\/wp-json\/wp\/v2\/types\/page"}],"author":[{"embeddable":true,"href":"https:\/\/gymnasium-rheindahlen.de\/index.php\/wp-json\/wp\/v2\/users\/1"}],"replies":[{"embeddable":true,"href":"https:\/\/gymnasium-rheindahlen.de\/index.php\/wp-json\/wp\/v2\/comments?post=458"}],"version-history":[{"count":2,"href":"https:\/\/gymnasium-rheindahlen.de\/index.php\/wp-json\/wp\/v2\/pages\/458\/revisions"}],"predecessor-version":[{"id":1194,"href":"https:\/\/gymnasium-rheindahlen.de\/index.php\/wp-json\/wp\/v2\/pages\/458\/revisions\/1194"}],"wp:attachment":[{"href":"https:\/\/gymnasium-rheindahlen.de\/index.php\/wp-json\/wp\/v2\/media?parent=458"}],"curies":[{"name":"wp","href":"https:\/\/api.w.org\/{rel}","templated":true}]}}