{"id":344,"date":"2022-09-16T10:46:40","date_gmt":"2022-09-16T08:46:40","guid":{"rendered":"https:\/\/gymnasium-rheindahlen.de\/?page_id=344"},"modified":"2023-12-11T08:15:23","modified_gmt":"2023-12-11T07:15:23","slug":"download-anmeldeformulare","status":"publish","type":"page","link":"https:\/\/gymnasium-rheindahlen.de\/index.php\/download-anmeldeformulare\/","title":{"rendered":"Download Anmeldeformulare"},"content":{"rendered":"\r\n<p>Hier k\u00f6nnen Sie den Anmeldebogen zur Aufnahme an unsere Schule sowie das Zusatzformular zur Aufnahme in die Sportf\u00f6rderung herunterladen:<\/p>\r\n<p>&nbsp;<\/p>\r\n<p><a href=\"https:\/\/gymnasium-rheindahlen.de\/wp-content\/uploads\/2022\/12\/Anmeldung-2023_2024_1.pdf\">Anmeldung 5. Klasse<\/a><\/p>\r\n<p>&nbsp;<\/p>\r\n<p><a href=\"https:\/\/gymnasium-rheindahlen.de\/wp-content\/uploads\/2023\/08\/Zusatzblatt-Sportschueler.pdf\">Zusatzblatt Sportsch\u00fclerInnen<\/a><\/p>\r\n<p>&nbsp;<\/p>\r\n<p><a href=\"https:\/\/gymnasium-rheindahlen.de\/wp-content\/uploads\/2023\/12\/Streicherklasse-Anmeldebogen-neu-2023.pdf\">Streicherklasse Anmeldebogen-neu-2023<\/a><\/p>\r\n<p>&nbsp;<\/p>\r\n<p>&nbsp;<\/p>\r\n<p><strong>Wichtig:<\/strong><strong> F\u00fcr eine schnellere Bearbeitung k\u00f6nnen Sie das Anmeldeformular gerne schon vorab ausf\u00fcllen und eingescannt oder abfotografiert an unser Sekretariat senden: sekretariat@gymnasium-rheindahlen.de<\/strong><\/p>\r\n<p>&nbsp;<\/p>\r\n<p>Danke!<\/p>\r\n\r\n\r\n\r\n\r\n","protected":false},"excerpt":{"rendered":"<p>Hier k\u00f6nnen Sie den Anmeldebogen zur Aufnahme an unsere Schule sowie das Zusatzformular zur Aufnahme in die Sportf\u00f6rderung herunterladen: &nbsp; [&hellip;]<\/p>\n","protected":false},"author":1,"featured_media":0,"parent":0,"menu_order":0,"comment_status":"closed","ping_status":"closed","template":"","meta":{"ngg_post_thumbnail":0,"footnotes":""},"class_list":["post-344","page","type-page","status-publish","hentry"],"featured_image_src":null,"_links":{"self":[{"href":"https:\/\/gymnasium-rheindahlen.de\/index.php\/wp-json\/wp\/v2\/pages\/344","targetHints":{"allow":["GET"]}}],"collection":[{"href":"https:\/\/gymnasium-rheindahlen.de\/index.php\/wp-json\/wp\/v2\/pages"}],"about":[{"href":"https:\/\/gymnasium-rheindahlen.de\/index.php\/wp-json\/wp\/v2\/types\/page"}],"author":[{"embeddable":true,"href":"https:\/\/gymnasium-rheindahlen.de\/index.php\/wp-json\/wp\/v2\/users\/1"}],"replies":[{"embeddable":true,"href":"https:\/\/gymnasium-rheindahlen.de\/index.php\/wp-json\/wp\/v2\/comments?post=344"}],"version-history":[{"count":10,"href":"https:\/\/gymnasium-rheindahlen.de\/index.php\/wp-json\/wp\/v2\/pages\/344\/revisions"}],"predecessor-version":[{"id":2365,"href":"https:\/\/gymnasium-rheindahlen.de\/index.php\/wp-json\/wp\/v2\/pages\/344\/revisions\/2365"}],"wp:attachment":[{"href":"https:\/\/gymnasium-rheindahlen.de\/index.php\/wp-json\/wp\/v2\/media?parent=344"}],"curies":[{"name":"wp","href":"https:\/\/api.w.org\/{rel}","templated":true}]}}