{"id":309,"date":"2022-09-16T10:07:52","date_gmt":"2022-09-16T08:07:52","guid":{"rendered":"https:\/\/gymnasium-rheindahlen.de\/?page_id=309"},"modified":"2022-11-12T21:02:45","modified_gmt":"2022-11-12T20:02:45","slug":"anfahrt","status":"publish","type":"page","link":"https:\/\/gymnasium-rheindahlen.de\/index.php\/anfahrt\/","title":{"rendered":"Anfahrt"},"content":{"rendered":"\r\n<p>Unsere Schule finden Sie auf der Geusenstra\u00dfe 29 in 41179 M\u00f6nchengladbach. Da einige Navigationssysteme Probleme mit der richtigen Wegf\u00fchrung haben, finden Sie unter folgendem Link eine Standortangabe des Parkplatzes auf der Geusenstra\u00dfe, von dem aus Sie \u00fcber den Fu\u00dfweg zwischen Sportanlagen zu Ihrer Rechten (Au\u00dfenspielfelder, anschlie\u00dfend Sporthalle) und Schwimmhalle zu Ihrer Linken zu unserem Schulgeb\u00e4ude gelangen.<\/p>\r\n\r\n\r\n\r\n<p>&nbsp;<\/p>\r\n<p>Siehe <a href=\"https:\/\/www.openstreetmap.org\/#map=17\/51.14952\/6.36767\">OpenStreetMap<\/a><\/p>\r\n<p>&nbsp;<\/p>\r\n\r\n\r\n\r\n<p>Einen weiteren Parkplatz gibt es am Ende der Andreas-Bornes-Stra\u00dfe.<\/p>\r\n","protected":false},"excerpt":{"rendered":"<p>Unsere Schule finden Sie auf der Geusenstra\u00dfe 29 in 41179 M\u00f6nchengladbach. Da einige Navigationssysteme Probleme mit der richtigen Wegf\u00fchrung haben, [&hellip;]<\/p>\n","protected":false},"author":1,"featured_media":0,"parent":0,"menu_order":0,"comment_status":"closed","ping_status":"closed","template":"","meta":{"ngg_post_thumbnail":0,"footnotes":""},"class_list":["post-309","page","type-page","status-publish","hentry"],"featured_image_src":null,"_links":{"self":[{"href":"https:\/\/gymnasium-rheindahlen.de\/index.php\/wp-json\/wp\/v2\/pages\/309","targetHints":{"allow":["GET"]}}],"collection":[{"href":"https:\/\/gymnasium-rheindahlen.de\/index.php\/wp-json\/wp\/v2\/pages"}],"about":[{"href":"https:\/\/gymnasium-rheindahlen.de\/index.php\/wp-json\/wp\/v2\/types\/page"}],"author":[{"embeddable":true,"href":"https:\/\/gymnasium-rheindahlen.de\/index.php\/wp-json\/wp\/v2\/users\/1"}],"replies":[{"embeddable":true,"href":"https:\/\/gymnasium-rheindahlen.de\/index.php\/wp-json\/wp\/v2\/comments?post=309"}],"version-history":[{"count":2,"href":"https:\/\/gymnasium-rheindahlen.de\/index.php\/wp-json\/wp\/v2\/pages\/309\/revisions"}],"predecessor-version":[{"id":1284,"href":"https:\/\/gymnasium-rheindahlen.de\/index.php\/wp-json\/wp\/v2\/pages\/309\/revisions\/1284"}],"wp:attachment":[{"href":"https:\/\/gymnasium-rheindahlen.de\/index.php\/wp-json\/wp\/v2\/media?parent=309"}],"curies":[{"name":"wp","href":"https:\/\/api.w.org\/{rel}","templated":true}]}}