{"id":1936,"date":"2023-06-22T08:21:43","date_gmt":"2023-06-22T06:21:43","guid":{"rendered":"https:\/\/gymnasium-rheindahlen.de\/?page_id=1936"},"modified":"2023-06-22T08:49:56","modified_gmt":"2023-06-22T06:49:56","slug":"projekttage-2023-klasse-7-immaterielles-erbe-in-frankreich-und-belgien","status":"publish","type":"page","link":"https:\/\/gymnasium-rheindahlen.de\/index.php\/projekttage-2023-klasse-7-immaterielles-erbe-in-frankreich-und-belgien\/","title":{"rendered":"Projekttage 2023: Klasse 7, Immaterielles Erbe in Frankreich und Belgien"},"content":{"rendered":"<h5>Une journ\u00e9e \u00e0 Verviers (en Belgique) \u2013 Ein Tag in Verviers<\/h5>\n<p>Im Rahmen der Projekttage vom 15.06 bis 20.06.2023 machten wir einen Tagesausflug nach Verviers. Vorbereitungen trafen wir am Tag davor (Donnerstag). Dort teilten wir uns in kleine Gruppen ein und bereiteten einen kleinen Vortrag vor. Hierzu sammelten wir ein paar Infos \u00fcber Verviers. Am n\u00e4chsten Tag fuhren wir dann nach Verviers. Dort machten wir eine Stadt-Rallye und bearbeiteten die gestellten Aufgaben. Wir haben viele sch\u00f6ne Sachen gesehen. Als wir mit allen Sachen fertig waren, hatten wir etwas Freizeit. In unserer Freizeit haben wir z.B. Haarkreide gekauft und unsere Haare gef\u00e4rbt. Um 14:15 warteten wir auf den Bus und fuhren zur\u00fcck. Wir fuhren ungef\u00e4hr 1 Stunde und 45 Minuten. Es war ein sch\u00f6ner Tag in Verviers. Am Montag haben wir zum Beispiel Fotocolagen erstellen und \u00fcber den Vortrag berichtet.<\/p>\n<p>Dans le cadre des journ\u00e9es de projet du 15.06 au 20.06.2023, nous avons fait une excursion d&#8217;une journ\u00e9e \u00e0 Verviers. Nous avons fait des pr\u00e9paratifs la veille (jeudi). L\u00e0,nous nous sommes divis\u00e9s en petits groupes et avons pr\u00e9par\u00e9 une petite conf\u00e9rence. Pour ce faire, nous avons rassembl\u00e9 quelques informations sur Verviers. Le lendemain, nous sommes all\u00e9s \u00e0 Verviers. L\u00e0, nous avons fait un rallye de la ville et travaill\u00e9 sur les t\u00e2ches pos\u00e9es. Nous avons vu beaucoup de belles choses. Quand nous avons fini toutes les choses, nous avons eu un peu de temps libre. Pendant notre temps libre, nous avons achet\u00e9 de la craie capillaire et teint nos cheveux. \u00c0 14h15, nous avons attendu le bus et sommes revenus Nous avons roul\u00e9 environ 1 heure et 45 minutes. C&#8217;\u00e9tait une belle journ\u00e9e \u00e0 Verviers. Lundi, par exemple, nous avons cr\u00e9\u00e9 des collages de photo et nous avons pr\u00e9sent\u00e9 nos projets.<\/p>\n<p><img loading=\"lazy\" decoding=\"async\" class=\"alignnone wp-image-1941 size-full\" src=\"https:\/\/gymnasium-rheindahlen.de\/wp-content\/uploads\/2023\/06\/Verviers2023.jpg\" alt=\"\" width=\"970\" height=\"716\" srcset=\"https:\/\/gymnasium-rheindahlen.de\/wp-content\/uploads\/2023\/06\/Verviers2023.jpg 970w, https:\/\/gymnasium-rheindahlen.de\/wp-content\/uploads\/2023\/06\/Verviers2023-300x221.jpg 300w, https:\/\/gymnasium-rheindahlen.de\/wp-content\/uploads\/2023\/06\/Verviers2023-768x567.jpg 768w, https:\/\/gymnasium-rheindahlen.de\/wp-content\/uploads\/2023\/06\/Verviers2023-600x443.jpg 600w\" sizes=\"auto, (max-width: 970px) 100vw, 970px\" \/><\/p>\n<div style=\"width: 1920px;\" class=\"wp-video\"><video class=\"wp-video-shortcode\" id=\"video-1936-1\" width=\"1920\" height=\"1080\" preload=\"metadata\" controls=\"controls\"><source type=\"video\/mp4\" src=\"https:\/\/gymnasium-rheindahlen.de\/wp-content\/uploads\/2023\/06\/Fakten-ueber-Verviers-u.-Belgien_7a.mp4?_=1\" \/><a href=\"https:\/\/gymnasium-rheindahlen.de\/wp-content\/uploads\/2023\/06\/Fakten-ueber-Verviers-u.-Belgien_7a.mp4\">https:\/\/gymnasium-rheindahlen.de\/wp-content\/uploads\/2023\/06\/Fakten-ueber-Verviers-u.-Belgien_7a.mp4<\/a><\/video><\/div>\n<div style=\"width: 1920px;\" class=\"wp-video\"><video class=\"wp-video-shortcode\" id=\"video-1936-2\" width=\"1920\" height=\"1080\" preload=\"metadata\" controls=\"controls\"><source type=\"video\/mp4\" src=\"https:\/\/gymnasium-rheindahlen.de\/wp-content\/uploads\/2023\/06\/Belgische-Waffeln-7a.mp4?_=2\" \/><a href=\"https:\/\/gymnasium-rheindahlen.de\/wp-content\/uploads\/2023\/06\/Belgische-Waffeln-7a.mp4\">https:\/\/gymnasium-rheindahlen.de\/wp-content\/uploads\/2023\/06\/Belgische-Waffeln-7a.mp4<\/a><\/video><\/div>\n<div style=\"width: 480px;\" class=\"wp-video\"><video class=\"wp-video-shortcode\" id=\"video-1936-3\" width=\"480\" height=\"416\" preload=\"metadata\" controls=\"controls\"><source type=\"video\/mp4\" src=\"https:\/\/gymnasium-rheindahlen.de\/wp-content\/uploads\/2023\/06\/Fussball-in-BEL-und-D.mp4?_=3\" \/><a href=\"https:\/\/gymnasium-rheindahlen.de\/wp-content\/uploads\/2023\/06\/Fussball-in-BEL-und-D.mp4\">https:\/\/gymnasium-rheindahlen.de\/wp-content\/uploads\/2023\/06\/Fussball-in-BEL-und-D.mp4<\/a><\/video><\/div>\n<p>&nbsp;<\/p>\n","protected":false},"excerpt":{"rendered":"<p>Une journ\u00e9e \u00e0 Verviers (en Belgique) \u2013 Ein Tag in Verviers Im Rahmen der Projekttage vom 15.06 bis 20.06.2023 machten [&hellip;]<\/p>\n","protected":false},"author":1,"featured_media":0,"parent":0,"menu_order":0,"comment_status":"closed","ping_status":"closed","template":"","meta":{"ngg_post_thumbnail":0,"footnotes":""},"class_list":["post-1936","page","type-page","status-publish","hentry"],"featured_image_src":null,"_links":{"self":[{"href":"https:\/\/gymnasium-rheindahlen.de\/index.php\/wp-json\/wp\/v2\/pages\/1936","targetHints":{"allow":["GET"]}}],"collection":[{"href":"https:\/\/gymnasium-rheindahlen.de\/index.php\/wp-json\/wp\/v2\/pages"}],"about":[{"href":"https:\/\/gymnasium-rheindahlen.de\/index.php\/wp-json\/wp\/v2\/types\/page"}],"author":[{"embeddable":true,"href":"https:\/\/gymnasium-rheindahlen.de\/index.php\/wp-json\/wp\/v2\/users\/1"}],"replies":[{"embeddable":true,"href":"https:\/\/gymnasium-rheindahlen.de\/index.php\/wp-json\/wp\/v2\/comments?post=1936"}],"version-history":[{"count":4,"href":"https:\/\/gymnasium-rheindahlen.de\/index.php\/wp-json\/wp\/v2\/pages\/1936\/revisions"}],"predecessor-version":[{"id":1946,"href":"https:\/\/gymnasium-rheindahlen.de\/index.php\/wp-json\/wp\/v2\/pages\/1936\/revisions\/1946"}],"wp:attachment":[{"href":"https:\/\/gymnasium-rheindahlen.de\/index.php\/wp-json\/wp\/v2\/media?parent=1936"}],"curies":[{"name":"wp","href":"https:\/\/api.w.org\/{rel}","templated":true}]}}

<h5>Une journée à Verviers (en Belgique) – Ein Tag in Verviers</h5>
<p>Im Rahmen der Projekttage vom 15.06 bis 20.06.2023 machten wir einen Tagesausflug nach Verviers. Vorbereitungen trafen wir am Tag davor (Donnerstag). Dort teilten wir uns in kleine Gruppen ein und bereiteten einen kleinen Vortrag vor. Hierzu sammelten wir ein paar Infos über Verviers. Am nächsten Tag fuhren wir dann nach Verviers. Dort machten wir eine Stadt-Rallye und bearbeiteten die gestellten Aufgaben. Wir haben viele schöne Sachen gesehen. Als wir mit allen Sachen fertig waren, hatten wir etwas Freizeit. In unserer Freizeit haben wir z.B. Haarkreide gekauft und unsere Haare gefärbt. Um 14:15 warteten wir auf den Bus und fuhren zurück. Wir fuhren ungefähr 1 Stunde und 45 Minuten. Es war ein schöner Tag in Verviers. Am Montag haben wir zum Beispiel Fotocolagen erstellen und über den Vortrag berichtet.</p>
<p>Dans le cadre des journées de projet du 15.06 au 20.06.2023, nous avons fait une excursion d&#8217;une journée à Verviers. Nous avons fait des préparatifs la veille (jeudi). Là,nous nous sommes divisés en petits groupes et avons préparé une petite conférence. Pour ce faire, nous avons rassemblé quelques informations sur Verviers. Le lendemain, nous sommes allés à Verviers. Là, nous avons fait un rallye de la ville et travaillé sur les tâches posées. Nous avons vu beaucoup de belles choses. Quand nous avons fini toutes les choses, nous avons eu un peu de temps libre. Pendant notre temps libre, nous avons acheté de la craie capillaire et teint nos cheveux. À 14h15, nous avons attendu le bus et sommes revenus Nous avons roulé environ 1 heure et 45 minutes. C&#8217;était une belle journée à Verviers. Lundi, par exemple, nous avons créé des collages de photo et nous avons présenté nos projets.</p>
<p><img loading="lazy" decoding="async" class="alignnone wp-image-1941 size-full" src="https://gymnasium-rheindahlen.de/wp-content/uploads/2023/06/Verviers2023.jpg" alt="" width="970" height="716" srcset="https://gymnasium-rheindahlen.de/wp-content/uploads/2023/06/Verviers2023.jpg 970w, https://gymnasium-rheindahlen.de/wp-content/uploads/2023/06/Verviers2023-300x221.jpg 300w, https://gymnasium-rheindahlen.de/wp-content/uploads/2023/06/Verviers2023-768x567.jpg 768w, https://gymnasium-rheindahlen.de/wp-content/uploads/2023/06/Verviers2023-600x443.jpg 600w" sizes="auto, (max-width: 970px) 100vw, 970px" /></p>
<div style="width: 1920px;" class="wp-video"><video class="wp-video-shortcode" id="video-1936-1" width="1920" height="1080" preload="metadata" controls="controls"><source type="video/mp4" src="https://gymnasium-rheindahlen.de/wp-content/uploads/2023/06/Fakten-ueber-Verviers-u.-Belgien_7a.mp4?_=1" /><a href="https://gymnasium-rheindahlen.de/wp-content/uploads/2023/06/Fakten-ueber-Verviers-u.-Belgien_7a.mp4">https://gymnasium-rheindahlen.de/wp-content/uploads/2023/06/Fakten-ueber-Verviers-u.-Belgien_7a.mp4</a></video></div>
<div style="width: 1920px;" class="wp-video"><video class="wp-video-shortcode" id="video-1936-2" width="1920" height="1080" preload="metadata" controls="controls"><source type="video/mp4" src="https://gymnasium-rheindahlen.de/wp-content/uploads/2023/06/Belgische-Waffeln-7a.mp4?_=2" /><a href="https://gymnasium-rheindahlen.de/wp-content/uploads/2023/06/Belgische-Waffeln-7a.mp4">https://gymnasium-rheindahlen.de/wp-content/uploads/2023/06/Belgische-Waffeln-7a.mp4</a></video></div>
<div style="width: 480px;" class="wp-video"><video class="wp-video-shortcode" id="video-1936-3" width="480" height="416" preload="metadata" controls="controls"><source type="video/mp4" src="https://gymnasium-rheindahlen.de/wp-content/uploads/2023/06/Fussball-in-BEL-und-D.mp4?_=3" /><a href="https://gymnasium-rheindahlen.de/wp-content/uploads/2023/06/Fussball-in-BEL-und-D.mp4">https://gymnasium-rheindahlen.de/wp-content/uploads/2023/06/Fussball-in-BEL-und-D.mp4</a></video></div>
<p>&nbsp;</p>

<p>Une journée à Verviers (en Belgique) – Ein Tag in Verviers Im Rahmen der Projekttage vom 15.06 bis 20.06.2023 machten [&hellip;]</p>
