{"id":1905,"date":"2023-06-20T17:29:30","date_gmt":"2023-06-20T15:29:30","guid":{"rendered":"https:\/\/gymnasium-rheindahlen.de\/?page_id=1905"},"modified":"2023-06-20T17:37:50","modified_gmt":"2023-06-20T15:37:50","slug":"projekttage-2023-stufe-q1-theaterprojekt-diversitaet-und-toleranz","status":"publish","type":"page","link":"https:\/\/gymnasium-rheindahlen.de\/index.php\/projekttage-2023-stufe-q1-theaterprojekt-diversitaet-und-toleranz\/","title":{"rendered":"Projekttage 2023: Stufe Q1, Theaterprojekt &#8222;Diversit\u00e4t und Toleranz&#8220;"},"content":{"rendered":"<p>Im Theater-Projekt, das die Sch\u00fclerInnen der Q1 im Rahmen der diesj\u00e4hrigen UNESCO-Projekttage durchf\u00fchrten, erwartete sie am ersten Tag ein bunter Strau\u00df aus Schauspiel-\u00dcbungen, die sowohl dem Abbau von Hemmnissen, sich mimisch auf der B\u00fchne zu zeigen, dienten als auch grundlegende Techniken zum Einsatz von Stimme, Mimik und Gestik sowie Raumgef\u00fchl beinhalteten. Die folgende filmische Information \u00fcber die zw\u00f6lf wichtigsten Schauspiel-Gesetze nutzten die NachwuchsschauspielerInnen als Startschuss zur Anwendung eben jener Gesetze in kleinen Fensterspiel-Szenen. Das m\u00fcndliche Schlussfeedback zum ersten Tag erfolgte im Sprachgestus einer zuf\u00e4llig bestimmten Rolle, z.B. als Fu\u00dfball-Coach oder als Papst.<\/p>\n<p>Die n\u00e4chsten beiden Tage standen dann ganz im Zeichen des zu erstellenden Endproduktes. In Kleingruppen konnten sich die Sch\u00fclerInnen f\u00fcr eines von zwei vorgegebenen Szenarien entscheiden, in denen es um Diversit\u00e4t und Toleranz ging, und entwickelten nach einer Vorphase der Figureneinf\u00fchlung passende Theaterszenen, die in der Folge immer wieder geprobt, hinterfragt und optimiert wurden. Um die Theaterszenen f\u00fcr den Pr\u00e4sentationstag abrufbar zu gestalten, wurden sie in einem letzten Schritt gefilmt.&nbsp; &nbsp;<\/p>\nngg_shortcode_0_placeholder\n<p>&nbsp;<\/p>\n<p>&nbsp;<\/p>\n","protected":false},"excerpt":{"rendered":"<p>Im Theater-Projekt, das die Sch\u00fclerInnen der Q1 im Rahmen der diesj\u00e4hrigen UNESCO-Projekttage durchf\u00fchrten, erwartete sie am ersten Tag ein bunter [&hellip;]<\/p>\n","protected":false},"author":1,"featured_media":0,"parent":0,"menu_order":0,"comment_status":"closed","ping_status":"closed","template":"","meta":{"ngg_post_thumbnail":0,"footnotes":""},"class_list":["post-1905","page","type-page","status-publish","hentry"],"featured_image_src":null,"_links":{"self":[{"href":"https:\/\/gymnasium-rheindahlen.de\/index.php\/wp-json\/wp\/v2\/pages\/1905","targetHints":{"allow":["GET"]}}],"collection":[{"href":"https:\/\/gymnasium-rheindahlen.de\/index.php\/wp-json\/wp\/v2\/pages"}],"about":[{"href":"https:\/\/gymnasium-rheindahlen.de\/index.php\/wp-json\/wp\/v2\/types\/page"}],"author":[{"embeddable":true,"href":"https:\/\/gymnasium-rheindahlen.de\/index.php\/wp-json\/wp\/v2\/users\/1"}],"replies":[{"embeddable":true,"href":"https:\/\/gymnasium-rheindahlen.de\/index.php\/wp-json\/wp\/v2\/comments?post=1905"}],"version-history":[{"count":2,"href":"https:\/\/gymnasium-rheindahlen.de\/index.php\/wp-json\/wp\/v2\/pages\/1905\/revisions"}],"predecessor-version":[{"id":1914,"href":"https:\/\/gymnasium-rheindahlen.de\/index.php\/wp-json\/wp\/v2\/pages\/1905\/revisions\/1914"}],"wp:attachment":[{"href":"https:\/\/gymnasium-rheindahlen.de\/index.php\/wp-json\/wp\/v2\/media?parent=1905"}],"curies":[{"name":"wp","href":"https:\/\/api.w.org\/{rel}","templated":true}]}}

Projekttage 2023: Stufe Q1, Theaterprojekt &#8222;Diversität und Toleranz&#8220;

<p>Im Theater-Projekt, das die SchülerInnen der Q1 im Rahmen der diesjährigen UNESCO-Projekttage durchführten, erwartete sie am ersten Tag ein bunter Strauß aus Schauspiel-Übungen, die sowohl dem Abbau von Hemmnissen, sich mimisch auf der Bühne zu zeigen, dienten als auch grundlegende Techniken zum Einsatz von Stimme, Mimik und Gestik sowie Raumgefühl beinhalteten. Die folgende filmische Information über die zwölf wichtigsten Schauspiel-Gesetze nutzten die NachwuchsschauspielerInnen als Startschuss zur Anwendung eben jener Gesetze in kleinen Fensterspiel-Szenen. Das mündliche Schlussfeedback zum ersten Tag erfolgte im Sprachgestus einer zufällig bestimmten Rolle, z.B. als Fußball-Coach oder als Papst.</p>
<p>Die nächsten beiden Tage standen dann ganz im Zeichen des zu erstellenden Endproduktes. In Kleingruppen konnten sich die SchülerInnen für eines von zwei vorgegebenen Szenarien entscheiden, in denen es um Diversität und Toleranz ging, und entwickelten nach einer Vorphase der Figureneinfühlung passende Theaterszenen, die in der Folge immer wieder geprobt, hinterfragt und optimiert wurden. Um die Theaterszenen für den Präsentationstag abrufbar zu gestalten, wurden sie in einem letzten Schritt gefilmt.&nbsp; &nbsp;</p>
ngg_shortcode_0_placeholder
<p>&nbsp;</p>
<p>&nbsp;</p>

<p>Im Theater-Projekt, das die SchülerInnen der Q1 im Rahmen der diesjährigen UNESCO-Projekttage durchführten, erwartete sie am ersten Tag ein bunter [&hellip;]</p>
