{"id":1892,"date":"2023-06-20T17:10:13","date_gmt":"2023-06-20T15:10:13","guid":{"rendered":"https:\/\/gymnasium-rheindahlen.de\/?page_id=1892"},"modified":"2023-06-20T17:10:13","modified_gmt":"2023-06-20T15:10:13","slug":"projekttage-2023-klasse-9-ns-ideologie-und-menschenbild-zwischen-faszination-und-schrecken","status":"publish","type":"page","link":"https:\/\/gymnasium-rheindahlen.de\/index.php\/projekttage-2023-klasse-9-ns-ideologie-und-menschenbild-zwischen-faszination-und-schrecken\/","title":{"rendered":"Projekttage 2023: Klasse 9, NS-Ideologie und Menschenbild \u2013 zwischen Faszination und Schrecken"},"content":{"rendered":"<p>Am Montag, dem 19.6., unternahmen die 9. Klassen unseres Gymnasiums im Rahmen des Jahrgangsstufenprojekts \u201eNS-Ideologie und Menschenbild \u2013 zwischen Faszination und Schrecken\u201c eine Exkursion in den Nationalpark Eifel nach Schleiden zur NS-Ordensburg Vogelsang. Diese ist nicht nur eines der gr\u00f6\u00dften Bauwerke des Nationalsozialismus, an ihr ist auch bis heute die \u00dcberheblichkeit und Menschenverachtung ablesbar. Ziel der NS-Ordensburgen war es, junge M\u00e4nner zu F\u00fchrungskr\u00e4ften der NSDAP heranzuziehen. Eine Besonderheit der ehemaligen Ordensburg Vogelsang ist, dass sie neben dem Blick auf die Opfer vor allem auch die T\u00e4ter in den Blick nimmt und unbequeme Fragen aufwirft, wie z.B. \u201eWas machte die Attraktion eines Ortes wie Vogelsang w\u00e4hrend der NS-Zeit aus?\u201c oder \u201eWie h\u00e4tte ich vielleicht damals gedacht und gehandelt?\u201c<\/p>\n<p>Ankn\u00fcpfend an die ersten beiden Projekttage in der Schule, in der die Sch\u00fclerinnen und Sch\u00fcler zu den Themen \u201eAufstieg der NS-Bewegung\u201c, \u201eErrichtung des NS-Staats\u201c und \u201eNS-Ideologie\u201c gearbeitet haben, erkundeten die Sch\u00fclerinnen und Sch\u00fcler, angeleitet durch fachkundige TourleiterInnen im Rahmen des Studientags \u201eAdolf-Hitler-Sch\u00fcler\u201c den wichtigen Erinnerungsort an das dunkelste Kapitel der deutschen Vergangenheit. Nach einer informativen Einf\u00fchrung in die Geschichte des Ortes und den historischen Kontext arbeiteten die Sch\u00fclerinnen und Sch\u00fcler vormittags in Kleingruppen an unterschiedlichen Stationen im Gel\u00e4nde, wie z.B. dem \u201eFackeltr\u00e4ger\u201c oder den Angeboten zur \u201ek\u00f6rperlichen Ert\u00fcchtigung\u201c. Unterst\u00fctzt wurden sie dabei durch Bild- und Textquellen. Beim anschlie\u00dfenden Rundgang wurden sie dann selbst zu Expertinnen und Experten f\u00fcr ihr Thema und stellten sich ihre Forschungsergebnisse gegenseitig vor. Am Nachmittag arbeiteten sie mit Zeitzeugeninterviews. Auf eine kurze Einf\u00fchrung in die Methode \u201eOral History\u201c folgte eine Auseinandersetzung mit den Erinnerungen ehemaliger Adolf-Hitler-Sch\u00fcler (vgl. NS-Dokumentation Vogelsang\/Akademie Vogelsang IP c\/o Vogelsang IP gemeinn\u00fctzige GmbH).<\/p>\n<p>Die Exkursion erwies sich als sehr gewinnbringend, da sie die Ergebnisse der ersten beiden Tage vertiefen und erweitern konnte.<\/p>\nngg_shortcode_0_placeholder\n","protected":false},"excerpt":{"rendered":"<p>Am Montag, dem 19.6., unternahmen die 9. Klassen unseres Gymnasiums im Rahmen des Jahrgangsstufenprojekts \u201eNS-Ideologie und Menschenbild \u2013 zwischen Faszination [&hellip;]<\/p>\n","protected":false},"author":1,"featured_media":0,"parent":0,"menu_order":0,"comment_status":"closed","ping_status":"closed","template":"","meta":{"ngg_post_thumbnail":0,"footnotes":""},"class_list":["post-1892","page","type-page","status-publish","hentry"],"featured_image_src":null,"_links":{"self":[{"href":"https:\/\/gymnasium-rheindahlen.de\/index.php\/wp-json\/wp\/v2\/pages\/1892","targetHints":{"allow":["GET"]}}],"collection":[{"href":"https:\/\/gymnasium-rheindahlen.de\/index.php\/wp-json\/wp\/v2\/pages"}],"about":[{"href":"https:\/\/gymnasium-rheindahlen.de\/index.php\/wp-json\/wp\/v2\/types\/page"}],"author":[{"embeddable":true,"href":"https:\/\/gymnasium-rheindahlen.de\/index.php\/wp-json\/wp\/v2\/users\/1"}],"replies":[{"embeddable":true,"href":"https:\/\/gymnasium-rheindahlen.de\/index.php\/wp-json\/wp\/v2\/comments?post=1892"}],"version-history":[{"count":2,"href":"https:\/\/gymnasium-rheindahlen.de\/index.php\/wp-json\/wp\/v2\/pages\/1892\/revisions"}],"predecessor-version":[{"id":1902,"href":"https:\/\/gymnasium-rheindahlen.de\/index.php\/wp-json\/wp\/v2\/pages\/1892\/revisions\/1902"}],"wp:attachment":[{"href":"https:\/\/gymnasium-rheindahlen.de\/index.php\/wp-json\/wp\/v2\/media?parent=1892"}],"curies":[{"name":"wp","href":"https:\/\/api.w.org\/{rel}","templated":true}]}}

<p>Am Montag, dem 19.6., unternahmen die 9. Klassen unseres Gymnasiums im Rahmen des Jahrgangsstufenprojekts „NS-Ideologie und Menschenbild – zwischen Faszination und Schrecken“ eine Exkursion in den Nationalpark Eifel nach Schleiden zur NS-Ordensburg Vogelsang. Diese ist nicht nur eines der größten Bauwerke des Nationalsozialismus, an ihr ist auch bis heute die Überheblichkeit und Menschenverachtung ablesbar. Ziel der NS-Ordensburgen war es, junge Männer zu Führungskräften der NSDAP heranzuziehen. Eine Besonderheit der ehemaligen Ordensburg Vogelsang ist, dass sie neben dem Blick auf die Opfer vor allem auch die Täter in den Blick nimmt und unbequeme Fragen aufwirft, wie z.B. „Was machte die Attraktion eines Ortes wie Vogelsang während der NS-Zeit aus?“ oder „Wie hätte ich vielleicht damals gedacht und gehandelt?“</p>
<p>Anknüpfend an die ersten beiden Projekttage in der Schule, in der die Schülerinnen und Schüler zu den Themen „Aufstieg der NS-Bewegung“, „Errichtung des NS-Staats“ und „NS-Ideologie“ gearbeitet haben, erkundeten die Schülerinnen und Schüler, angeleitet durch fachkundige TourleiterInnen im Rahmen des Studientags „Adolf-Hitler-Schüler“ den wichtigen Erinnerungsort an das dunkelste Kapitel der deutschen Vergangenheit. Nach einer informativen Einführung in die Geschichte des Ortes und den historischen Kontext arbeiteten die Schülerinnen und Schüler vormittags in Kleingruppen an unterschiedlichen Stationen im Gelände, wie z.B. dem „Fackelträger“ oder den Angeboten zur „körperlichen Ertüchtigung“. Unterstützt wurden sie dabei durch Bild- und Textquellen. Beim anschließenden Rundgang wurden sie dann selbst zu Expertinnen und Experten für ihr Thema und stellten sich ihre Forschungsergebnisse gegenseitig vor. Am Nachmittag arbeiteten sie mit Zeitzeugeninterviews. Auf eine kurze Einführung in die Methode „Oral History“ folgte eine Auseinandersetzung mit den Erinnerungen ehemaliger Adolf-Hitler-Schüler (vgl. NS-Dokumentation Vogelsang/Akademie Vogelsang IP c/o Vogelsang IP gemeinnützige GmbH).</p>
<p>Die Exkursion erwies sich als sehr gewinnbringend, da sie die Ergebnisse der ersten beiden Tage vertiefen und erweitern konnte.</p>
ngg_shortcode_0_placeholder
